.
1500
Calculate the highest common factor of 5 and 79861545.
5
Calculate the highest common factor of 4590 and 213078.
102
What is the highest common factor of 1308 and 563505?
3
What is the highest common divisor of 8450637 and 207?
69
Calculate the greatest common factor of 5350 and 1571570525.
2675
Calculate the highest common factor of 41558440 and 154.
154
What is the greatest common divisor of 9268464 and 18?
6
What is the greatest common divisor of 44828704 and 23392?
1376
What is the greatest common divisor of 23571 and 100116?
243
What is the highest common factor of 5974 and 21209554?
206
Calculate the highest common factor of 3106337 and 936.
13
Calculate the highest common divisor of 200256 and 9702.
42
Calculate the highest common factor of 50 and 595970.
10
What is the highest common factor of 5412 and 6059636?
1804
What is the highest common divisor of 3 and 187225413?
3
What is the highest common divisor of 2951 and 9807989?
227
Calculate the highest common divisor of 114 and 561298.
38
What is the highest common factor of 55641 and 24123?
51
Calculate the greatest common factor of 121 and 4307919.
11
Calculate the highest common factor of 2626754 and 130.
26
What is the greatest common factor of 15304536 and 166?
166
Calculate the highest common factor of 286 and 163724.
22
Calculate the highest common factor of 15547208 and 1416.
472
What is the greatest common factor of 4553 and 3016127?
157
Calculate the highest common divisor of 315605242 and 268.
134
What is the greatest common divisor of 808325 and 1236700?
3725
Calculate the greatest common divisor of 36261 and 13152186.
459
What is the greatest common factor of 1633 and 4290581?
23
Calculate the greatest common factor of 120157800 and 1464.
1464
Calculate the highest common factor of 4923139 and 338.
169
Calculate the highest common factor of 21 and 34957167.
21
Calculate the greatest common factor of 2145 and 16992624.
33
Calculate the highest common divisor of 1036694 and 170.
34
What is the highest common divisor of 1656 and 7411152?
552
Calculate the greatest common factor of 63849960 and 4590.
1530
What is the highest common divisor of 1244082 and 105602?
266
What is the highest common factor of 242 and 1331418?
22
What is the highest common factor of 48828 and 1751235?
939
Calculate the highest common divisor of 5179 and 699.
1
What is the greatest common divisor of 5459 and 17611043?
103
Calculate the highest common factor of 33748566 and 12.
6
Calculate the greatest common divisor of 154 and 181126.
22
What is the greatest common divisor of 31574124 and 6244?
892
Calculate the highest common factor of 223780 and 19038.
334
What is the highest common divisor of 3279 and 23826?
3
Calculate the highest common divisor of 37245 and 258960.
195
Calculate the greatest common divisor of 22 and 77358732.
22
What is the highest common divisor of 113 and 357951343?
113
Calculate the highest common factor of 731825 and 2582375.
1825
Calculate the greatest common factor of 47029493 and 7.
7
What is the highest common factor of 4037944 and 6288?
1048
Calculate the highest common divisor of 801956143 and 1829.
1829
Calculate the highest common divisor of 46868618 and 5612.
2806
What is the highest common divisor of 66 and 142069818?
66
What is the greatest common divisor of 14261565 and 2406?
1203
What is the greatest common factor of 2442420 and 436?
4
Calculate the greatest common divisor of 465976 and 25434.
314
What is the greatest common factor of 10351765 and 2513?
359
Calculate the highest common factor of 43566433 and 1883.
269
Calculate the highest common divisor of 3539250 and 1056.
66
What is the greatest common factor of 1944 and 1619690256?
1944
Calculate the highest common divisor of 167886949 and 293.
293
What is the highest common divisor of 3366 and 19421919?
99
Calculate the highest common divisor of 239283 and 722683.
2417
What is the greatest common factor of 4956 and 660744?
84
Calculate the highest common divisor of 10727 and 3102627.
631
Calculate the highest common divisor of 585 and 240484920.
195
What is the greatest common divisor of 79075644 and 2052?
228
Calculate the greatest common factor of 10456 and 37049529.
1307
Calculate the highest common divisor of 145152 and 911344.
112
What is the highest common divisor of 156 and 13317756?
12
Calculate the highest common factor of 944831295 and 45.
45
Calculate the greatest common factor of 910319 and 4323.
131
Calculate the greatest common factor of 549 and 1678171.
61
Calculate the greatest common factor of 143400 and 48.
24
What is the greatest common factor of 307054755 and 2175?
435
What is the greatest common divisor of 611 and 973793?
47
Calculate the greatest common factor of 90 and 3387390.
30
What is the greatest common divisor of 3584 and 3045?
7
Calculate the highest common factor of 915 and 35532012.
183
What is the greatest common factor of 11 and 158996497?
11
Calculate the greatest common divisor of 4173 and 108739713.
321
What is the greatest common factor of 9790193 and 175?
7
What is the highest common factor of 155512324 and 88?
44
What is the greatest common divisor of 15021 and 318635466?
5007
What is the greatest common factor of 67766 and 3?
1
Calculate the highest common factor of 2779 and 2661274.
7
Calculate the greatest common divisor of 160 and 16468100.
20
Calculate the highest common factor of 144156641 and 83.
83
What is the highest common factor of 2184449 and 760?
19
What is the highest common divisor of 19286696 and 32?
8
Calculate the highest common divisor of 6141 and 1801182.
267
Calculate the highest common factor of 96449 and 598001.
43
Calculate the highest common divisor of 4332 and 451212.
228
Calculate the highest common divisor of 2048 and 8175008.
32
Calculate the greatest common divisor of 21456414 and 37206.
2862
What is the highest common divisor of 1731264 and 97028?
508
What is the highest common divisor of 100493445 and 915?
15
Calculate the highest common divisor of 3260528 and 928.
464
What is the greatest common divisor of 425510608 and 17364?
5788
What is the highest common factor of 193640 and 100?
20
Calculate the highest common divisor of 1290 and 33105.
15
What is the greatest common divisor of 69 and 89425081?
23
What is the greatest common factor of 22074 and 1830444?
1698
What is the greatest common divisor of 407 and 681714?
11
What is the highest common factor of 19184 and 141691?
11
What is the greatest common divisor of 5532 and 18065668?
1844
Calculate the greatest common factor of 3 and 16004907.
3
Calculate the greatest common factor of 918 and 108078354.
54
What is the greatest common divisor of 753914 and 8478?
314
Calculate the greatest common factor of 78 and 14580501.
39
Calculate the highest common divisor of 990932545 and 10.
5
What is the highest common divisor of 10 and 1301975170?
10
Calculate the highest common divisor of 2882 and 682.
22
Calculate the highest common divisor of 3032100 and 1476.
36
Calculate the highest common divisor of 725 and 82765.
5
What is the highest common factor of 46759 and 6520914?
437
Calculate the highest common divisor of 11643777 and 1296.
27
Calculate the highest common divisor of 1604236 and 116700.
1556
Calculate the greatest common divisor of 4892531958 and 10546.
10546
What is the highest common factor of 8802 and 74547072?
2934
Calculate the highest common factor of 1365 and 15830815.
455
Calculate the highest common divisor of 4028706 and 8118.
198
Calculate the greatest common factor of 742 and 1960788.
106
What is the highest common factor of 36001 and 18907?
259
Calculate the highest common factor of 3632104124 and 44.
44
What is the highest common divisor of 5899842 and 122084?
2654
What is the greatest common factor of 2605 and 16435987?
521
What is the greatest common factor of 176 and 53422996?
44
Calculate the greatest common divisor of 320459031 and 4779.
1593
Calculate the greatest common divisor of 1723673 and 3828.
29
Calculate the greatest common divisor of 125768840 and 70.
10
What is the highest common factor of 7384 and 6390639?
71
What is the greatest common divisor of 385979594 and 12376?
3094
Calculate the highest common factor of 255581 and 251679.
1951
Calcu